{"id":1156,"date":"2018-11-07T09:02:01","date_gmt":"2018-11-07T09:02:01","guid":{"rendered":"http:\/\/estudioeusa.org\/?page_id=1156"},"modified":"2021-12-28T13:13:23","modified_gmt":"2021-12-28T13:13:23","slug":"hotelbarcelofoxa","status":"publish","type":"page","link":"https:\/\/estudioeusa.org\/index.php\/hotelbarcelofoxa\/","title":{"rendered":"Hotel Barcel\u00f3 Fox\u00e1"},"content":{"rendered":"<p>[vc_row][vc_column width=\u00bb1\/3&#8243;][vc_headings subtitle=\u00bbHOTEL\u00bb title=\u00bbBarcel\u00f3 Fox\u00e1\u00bb]El proyecto es una rehabilitaci\u00f3n y ampliaci\u00f3n de un hotel en la calle Agust\u00edn de Fox\u00e1 en Madrid. Para adecuarlo a la normativa vigente, modificando toda la distribuci\u00f3n interior, introduciendo nuevas instalaciones y acabados de primera calidad para la adaptaci\u00f3n del edificio existente a un novedoso hotel de 5 estrellas. Se da una gran importancia al patio trasero del edificio, zona com\u00fan con buena orientaci\u00f3n y dotada de una instalaci\u00f3n de piscina apoyada sobre el forjado del aparcamiento a trav\u00e9s de una estructura propia.<\/p>\n<p>Se modifica la fachada para adecuarla a los requerimientos del mercado actuales y dotarla de mayores aberturas y mejores condiciones t\u00e9rmicas y ac\u00fasticas.[\/vc_headings][vc_address title=\u00bbUBICACI\u00d3N\u00bb el_class=\u00bbdescripcion\u00bb css=\u00bb.vc_custom_1541584048038{margin-bottom: 20px !important;padding-top: 30px !important;padding-left: 15px !important;background-color: #ffe083 !important;}\u00bb]Calle de Agust\u00edn de Fox\u00e1, Madrid[\/vc_address][vc_address title=\u00bbA\u00d1O\u00bb el_class=\u00bbdescripcion\u00bb css=\u00bb.vc_custom_1541584070580{margin-bottom: 20px !important;padding-top: 30px !important;padding-left: 15px !important;background-color: #ffe083 !important;}\u00bb]2017[\/vc_address][vc_address title=\u00bbARQUITECTOS\u00bb el_class=\u00bbdescripcion\u00bb css=\u00bb.vc_custom_1541584427587{margin-bottom: 20px !important;padding-top: 30px !important;padding-left: 15px !important;background-color: #ffe083 !important;}\u00bb]Francisco Javier Aguilar Viyuela[\/vc_address][vc_address title=\u00bbCOLABORACI\u00d3N\u00bb el_class=\u00bbdescripcion\u00bb css=\u00bb.vc_custom_1640617739708{margin-bottom: 20px !important;padding-top: 30px !important;padding-left: 15px !important;background-color: #ffe083 !important;}\u00bb]Alba Montalb\u00e1n San Sebasti\u00e1n (Arq.)[\/vc_address][vc_address title=\u00bbTIPO DE OBRA\u00bb el_class=\u00bbdescripcion\u00bb css=\u00bb.vc_custom_1544444294775{margin-bottom: 20px !important;padding-top: 30px !important;padding-left: 15px !important;background-color: #ffe083 !important;}\u00bb]Rehabilitaci\u00f3n\/Acondicionamiento\/<br \/>\nObras exteriores\/Consolidaci\u00f3n estructura[\/vc_address][vc_address title=\u00bbUSO\u00bb el_class=\u00bbdescripcion\u00bb css=\u00bb.vc_custom_1541584525312{margin-bottom: 20px !important;padding-top: 30px !important;padding-left: 15px !important;background-color: #ffe083 !important;}\u00bb]Terciario hotelero\/Hotel[\/vc_address][vc_address title=\u00bbHABITACIONES \/ PLAZAS\u00bb el_class=\u00bbdescripcion\u00bb css=\u00bb.vc_custom_1541584552047{margin-bottom: 20px !important;padding-top: 30px !important;padding-left: 15px !important;background-color: #ffe083 !important;}\u00bb]<\/p>\n<p class=\"p1\">N\u00ba Habitaciones 156<\/p>\n<p>[\/vc_address][vc_address title=\u00bbSUPERFICIE CONSTRUIDA\u00bb el_class=\u00bbdescripcion\u00bb css=\u00bb.vc_custom_1640697189074{margin-bottom: 20px !important;padding-top: 30px !important;padding-left: 15px !important;background-color: #ffe083 !important;}\u00bb]9 plantas sobre rasante 9.549,83 m2<\/p>\n<p>[con entreplanta en la baja]<\/p>\n<p>2 plantas bajo rasante 4.438,06 m2[\/vc_address][vc_address title=\u00bbSITIO WEB\u00bb el_class=\u00bbdescripcion\u00bb css=\u00bb.vc_custom_1640617861204{margin-bottom: 20px !important;padding-top: 30px !important;padding-left: 15px !important;background-color: #ffe083 !important;}\u00bb]<a href=\"https:\/\/www.barcelo.com\/es-es\/barcelo-imagine\/\">barcelo.com<\/a>[\/vc_address][\/vc_column][vc_column width=\u00bb1\/6&#8243;][\/vc_column][vc_column width=\u00bb1\/2&#8243;][vc_single_image image=\u00bb1163&#8243; img_size=\u00bblarge\u00bb css=\u00bb.vc_custom_1541583855420{margin-top: 70px !important;margin-bottom: 20px !important;}\u00bb][vc_single_image image=\u00bb1162&#8243; img_size=\u00bblarge\u00bb css=\u00bb.vc_custom_1541583841706{margin-top: 10px !important;margin-bottom: 20px !important;}\u00bb][vc_single_image image=\u00bb1161&#8243; img_size=\u00bblarge\u00bb css=\u00bb.vc_custom_1541583869332{margin-top: 10px !important;margin-bottom: 20px !important;}\u00bb][vc_single_image image=\u00bb1160&#8243; img_size=\u00bblarge\u00bb css=\u00bb.vc_custom_1541583890885{margin-top: 10px !important;margin-bottom: 20px !important;}\u00bb][vc_single_image image=\u00bb1159&#8243; img_size=\u00bblarge\u00bb css=\u00bb.vc_custom_1541583908820{margin-top: 10px !important;margin-bottom: 20px !important;}\u00bb][vc_single_image image=\u00bb1165&#8243; img_size=\u00bblarge\u00bb css=\u00bb.vc_custom_1541583928941{margin-top: 10px !important;margin-bottom: 20px !important;}\u00bb][\/vc_column][\/vc_row]<\/p>\n","protected":false},"excerpt":{"rendered":"<p>[vc_row][vc_column width=\u00bb1\/3&#8243;][vc_headings subtitle=\u00bbHOTEL\u00bb title=\u00bbBarcel\u00f3 Fox\u00e1\u00bb]El proyecto es una rehabilitaci\u00f3n y ampliaci\u00f3n de un hotel en la calle Agust\u00edn de Fox\u00e1<\/p>\n","protected":false},"author":2,"featured_media":0,"parent":0,"menu_order":0,"comment_status":"closed","ping_status":"closed","template":"","meta":{"footnotes":""},"class_list":["post-1156","page","type-page","status-publish","hentry"],"yoast_head":"<!-- This site is optimized with the Yoast SEO plugin v26.7 - https:\/\/yoast.com\/wordpress\/plugins\/seo\/ -->\n<title>Hotel Barcel\u00f3 Fox\u00e1 - Estudio EUSA<\/title>\n<meta name=\"robots\" content=\"index, follow, max-snippet:-1, max-image-preview:large, max-video-preview:-1\" \/>\n<link rel=\"canonical\" href=\"https:\/\/estudioeusa.org\/index.php\/hotelbarcelofoxa\/\" \/>\n<meta property=\"og:locale\" content=\"es_ES\" \/>\n<meta property=\"og:type\" content=\"article\" \/>\n<meta property=\"og:title\" content=\"Hotel Barcel\u00f3 Fox\u00e1 - Estudio EUSA\" \/>\n<meta property=\"og:description\" content=\"[vc_row][vc_column width=\u00bb1\/3&#8243;][vc_headings subtitle=\u00bbHOTEL\u00bb title=\u00bbBarcel\u00f3 Fox\u00e1\u00bb]El proyecto es una rehabilitaci\u00f3n y ampliaci\u00f3n de un hotel en la calle Agust\u00edn de Fox\u00e1\" \/>\n<meta property=\"og:url\" content=\"https:\/\/estudioeusa.org\/index.php\/hotelbarcelofoxa\/\" \/>\n<meta property=\"og:site_name\" content=\"Estudio EUSA\" \/>\n<meta property=\"article:modified_time\" content=\"2021-12-28T13:13:23+00:00\" \/>\n<meta name=\"twitter:card\" content=\"summary_large_image\" \/>\n<meta name=\"twitter:label1\" content=\"Tiempo de lectura\" \/>\n\t<meta name=\"twitter:data1\" content=\"2 minutos\" \/>\n<script type=\"application\/ld+json\" class=\"yoast-schema-graph\">{\"@context\":\"https:\/\/schema.org\",\"@graph\":[{\"@type\":\"WebPage\",\"@id\":\"https:\/\/estudioeusa.org\/index.php\/hotelbarcelofoxa\/\",\"url\":\"https:\/\/estudioeusa.org\/index.php\/hotelbarcelofoxa\/\",\"name\":\"Hotel Barcel\u00f3 Fox\u00e1 - Estudio EUSA\",\"isPartOf\":{\"@id\":\"https:\/\/estudioeusa.org\/#website\"},\"datePublished\":\"2018-11-07T09:02:01+00:00\",\"dateModified\":\"2021-12-28T13:13:23+00:00\",\"breadcrumb\":{\"@id\":\"https:\/\/estudioeusa.org\/index.php\/hotelbarcelofoxa\/#breadcrumb\"},\"inLanguage\":\"es\",\"potentialAction\":[{\"@type\":\"ReadAction\",\"target\":[\"https:\/\/estudioeusa.org\/index.php\/hotelbarcelofoxa\/\"]}]},{\"@type\":\"BreadcrumbList\",\"@id\":\"https:\/\/estudioeusa.org\/index.php\/hotelbarcelofoxa\/#breadcrumb\",\"itemListElement\":[{\"@type\":\"ListItem\",\"position\":1,\"name\":\"Portada\",\"item\":\"https:\/\/estudioeusa.org\/\"},{\"@type\":\"ListItem\",\"position\":2,\"name\":\"Hotel Barcel\u00f3 Fox\u00e1\"}]},{\"@type\":\"WebSite\",\"@id\":\"https:\/\/estudioeusa.org\/#website\",\"url\":\"https:\/\/estudioeusa.org\/\",\"name\":\"Estudio EUSA\",\"description\":\"Arquitectura y Urbanismo\",\"potentialAction\":[{\"@type\":\"SearchAction\",\"target\":{\"@type\":\"EntryPoint\",\"urlTemplate\":\"https:\/\/estudioeusa.org\/?s={search_term_string}\"},\"query-input\":{\"@type\":\"PropertyValueSpecification\",\"valueRequired\":true,\"valueName\":\"search_term_string\"}}],\"inLanguage\":\"es\"}]}<\/script>\n<!-- \/ Yoast SEO plugin. -->","yoast_head_json":{"title":"Hotel Barcel\u00f3 Fox\u00e1 - Estudio EUSA","robots":{"index":"index","follow":"follow","max-snippet":"max-snippet:-1","max-image-preview":"max-image-preview:large","max-video-preview":"max-video-preview:-1"},"canonical":"https:\/\/estudioeusa.org\/index.php\/hotelbarcelofoxa\/","og_locale":"es_ES","og_type":"article","og_title":"Hotel Barcel\u00f3 Fox\u00e1 - Estudio EUSA","og_description":"[vc_row][vc_column width=\u00bb1\/3&#8243;][vc_headings subtitle=\u00bbHOTEL\u00bb title=\u00bbBarcel\u00f3 Fox\u00e1\u00bb]El proyecto es una rehabilitaci\u00f3n y ampliaci\u00f3n de un hotel en la calle Agust\u00edn de Fox\u00e1","og_url":"https:\/\/estudioeusa.org\/index.php\/hotelbarcelofoxa\/","og_site_name":"Estudio EUSA","article_modified_time":"2021-12-28T13:13:23+00:00","twitter_card":"summary_large_image","twitter_misc":{"Tiempo de lectura":"2 minutos"},"schema":{"@context":"https:\/\/schema.org","@graph":[{"@type":"WebPage","@id":"https:\/\/estudioeusa.org\/index.php\/hotelbarcelofoxa\/","url":"https:\/\/estudioeusa.org\/index.php\/hotelbarcelofoxa\/","name":"Hotel Barcel\u00f3 Fox\u00e1 - Estudio EUSA","isPartOf":{"@id":"https:\/\/estudioeusa.org\/#website"},"datePublished":"2018-11-07T09:02:01+00:00","dateModified":"2021-12-28T13:13:23+00:00","breadcrumb":{"@id":"https:\/\/estudioeusa.org\/index.php\/hotelbarcelofoxa\/#breadcrumb"},"inLanguage":"es","potentialAction":[{"@type":"ReadAction","target":["https:\/\/estudioeusa.org\/index.php\/hotelbarcelofoxa\/"]}]},{"@type":"BreadcrumbList","@id":"https:\/\/estudioeusa.org\/index.php\/hotelbarcelofoxa\/#breadcrumb","itemListElement":[{"@type":"ListItem","position":1,"name":"Portada","item":"https:\/\/estudioeusa.org\/"},{"@type":"ListItem","position":2,"name":"Hotel Barcel\u00f3 Fox\u00e1"}]},{"@type":"WebSite","@id":"https:\/\/estudioeusa.org\/#website","url":"https:\/\/estudioeusa.org\/","name":"Estudio EUSA","description":"Arquitectura y Urbanismo","potentialAction":[{"@type":"SearchAction","target":{"@type":"EntryPoint","urlTemplate":"https:\/\/estudioeusa.org\/?s={search_term_string}"},"query-input":{"@type":"PropertyValueSpecification","valueRequired":true,"valueName":"search_term_string"}}],"inLanguage":"es"}]}},"_links":{"self":[{"href":"https:\/\/estudioeusa.org\/index.php\/wp-json\/wp\/v2\/pages\/1156","targetHints":{"allow":["GET"]}}],"collection":[{"href":"https:\/\/estudioeusa.org\/index.php\/wp-json\/wp\/v2\/pages"}],"about":[{"href":"https:\/\/estudioeusa.org\/index.php\/wp-json\/wp\/v2\/types\/page"}],"author":[{"embeddable":true,"href":"https:\/\/estudioeusa.org\/index.php\/wp-json\/wp\/v2\/users\/2"}],"replies":[{"embeddable":true,"href":"https:\/\/estudioeusa.org\/index.php\/wp-json\/wp\/v2\/comments?post=1156"}],"version-history":[{"count":25,"href":"https:\/\/estudioeusa.org\/index.php\/wp-json\/wp\/v2\/pages\/1156\/revisions"}],"predecessor-version":[{"id":1700,"href":"https:\/\/estudioeusa.org\/index.php\/wp-json\/wp\/v2\/pages\/1156\/revisions\/1700"}],"wp:attachment":[{"href":"https:\/\/estudioeusa.org\/index.php\/wp-json\/wp\/v2\/media?parent=1156"}],"curies":[{"name":"wp","href":"https:\/\/api.w.org\/{rel}","templated":true}]}}